t common factor of 7 and 3269?
7
What is the highest common divisor of 21 and 168?
21
Calculate the greatest common factor of 2 and 331.
1
Calculate the highest common divisor of 54 and 12.
6
What is the greatest common factor of 624 and 468?
156
What is the greatest common factor of 34 and 697?
17
What is the greatest common factor of 576 and 666?
18
Calculate the greatest common divisor of 26 and 20267.
13
What is the greatest common divisor of 18444 and 424?
212
Calculate the greatest common divisor of 11 and 44.
11
What is the greatest common factor of 1465 and 5?
5
Calculate the greatest common divisor of 38 and 152.
38
What is the greatest common divisor of 2025 and 1575?
225
Calculate the greatest common factor of 38770 and 20.
10
Calculate the highest common factor of 162 and 2808.
54
What is the highest common factor of 522 and 290?
58
What is the greatest common divisor of 40 and 180?
20
Calculate the greatest common divisor of 159 and 212.
53
What is the greatest common factor of 1711 and 87?
29
Calculate the highest common divisor of 11 and 770.
11
Calculate the greatest common factor of 67 and 1943.
67
Calculate the highest common factor of 27 and 108.
27
Calculate the highest common factor of 976 and 183.
61
What is the greatest common divisor of 138 and 204?
6
Calculate the greatest common divisor of 923 and 142.
71
What is the highest common factor of 84 and 196?
28
Calculate the highest common divisor of 3921 and 9.
3
Calculate the greatest common divisor of 3577 and 146.
73
Calculate the greatest common factor of 53 and 5830.
53
What is the highest common factor of 3127 and 295?
59
Calculate the highest common factor of 20568 and 72.
24
Calculate the greatest common factor of 5824 and 28.
28
Calculate the greatest common factor of 729 and 9.
9
Calculate the highest common factor of 156 and 6591.
39
Calculate the greatest common divisor of 637 and 182.
91
Calculate the highest common factor of 5989 and 53.
53
Calculate the highest common factor of 357 and 21.
21
Calculate the greatest common factor of 8 and 3736.
8
Calculate the highest common divisor of 2889 and 6099.
321
What is the greatest common factor of 32 and 4?
4
What is the highest common divisor of 175 and 25?
25
What is the greatest common divisor of 64 and 24?
8
What is the greatest common factor of 325 and 13?
13
What is the highest common divisor of 5448 and 24?
24
What is the greatest common factor of 437 and 1824?
19
What is the highest common divisor of 2 and 62?
2
What is the greatest common factor of 106 and 3816?
106
What is the greatest common divisor of 100 and 1160?
20
Calculate the greatest common factor of 99 and 165.
33
Calculate the greatest common factor of 335 and 10.
5
What is the highest common factor of 75 and 39?
3
Calculate the greatest common factor of 20 and 230.
10
Calculate the highest common factor of 264 and 11112.
24
Calculate the highest common factor of 255 and 420.
15
What is the greatest common divisor of 4512 and 96?
96
Calculate the highest common factor of 2162 and 47.
47
Calculate the greatest common divisor of 182 and 6006.
182
Calculate the highest common divisor of 21 and 5061.
21
Calculate the highest common divisor of 110 and 20.
10
Calculate the greatest common factor of 242 and 110.
22
Calculate the highest common factor of 900 and 500.
100
Calculate the greatest common divisor of 42 and 4634.
14
Calculate the highest common divisor of 10 and 1140.
10
What is the highest common factor of 52 and 448?
4
What is the highest common factor of 360 and 960?
120
What is the greatest common factor of 14517 and 36?
9
Calculate the greatest common divisor of 494 and 608.
38
Calculate the highest common divisor of 280 and 105.
35
What is the greatest common divisor of 2940 and 120?
60
Calculate the highest common factor of 18 and 1206.
18
Calculate the highest common divisor of 17 and 544.
17
Calculate the highest common factor of 3096 and 48.
24
What is the highest common divisor of 29 and 203?
29
What is the greatest common divisor of 72 and 264?
24
Calculate the highest common divisor of 1664 and 4056.
104
Calculate the greatest common divisor of 481 and 1157.
13
What is the highest common factor of 15 and 55?
5
What is the greatest common factor of 1512 and 280?
56
Calculate the highest common factor of 10 and 1790.
10
Calculate the greatest common divisor of 198 and 110.
22
What is the greatest common divisor of 3355 and 495?
55
Calculate the greatest common divisor of 13167 and 66.
33
What is the greatest common factor of 2047 and 92?
23
Calculate the greatest common divisor of 7339 and 41.
41
What is the greatest common divisor of 368 and 138?
46
Calculate the greatest common factor of 101 and 3.
1
Calculate the highest common factor of 34 and 2822.
34
Calculate the greatest common divisor of 64 and 48.
16
Calculate the greatest common divisor of 464 and 112.
16
Calculate the greatest common divisor of 710 and 50.
10
What is the greatest common factor of 3757 and 39?
13
Calculate the highest common factor of 583 and 53.
53
What is the highest common factor of 102 and 986?
34
Calculate the greatest common divisor of 1715 and 175.
35
What is the greatest common divisor of 42 and 609?
21
Calculate the greatest common factor of 285 and 195.
15
Calculate the highest common divisor of 25 and 9425.
25
Calculate the greatest common factor of 780 and 455.
65
Calculate the greatest common divisor of 9 and 171.
9
Calculate the highest common divisor of 95 and 456.
19
What is the greatest common divisor of 324 and 48?
12
Calculate the greatest common divisor of 779 and 38.
19
Calculate the highest common factor of 4 and 32.
4
Calculate the greatest common factor of 4690 and 5.
5
What is the greatest common divisor of 329 and 3525?
47
Calculate the highest common factor of 7513 and 33.
11
Calculate the highest common factor of 51 and 646.
17
What is the highest common divisor of 516 and 9460?
172
Calculate the greatest common divisor of 76 and 2748.
4
Calculate the greatest common divisor of 242 and 363.
121
Calculate the greatest common divisor of 205 and 4469.
41
What is the highest common factor of 24 and 3252?
12
Calculate the highest common factor of 177 and 9.
3
What is the greatest common divisor of 12194 and 402?
134
Calculate the highest common divisor of 480 and 192.
96
Calculate the highest common factor of 3604 and 2756.
212
What is the highest common divisor of 50 and 520?
10
Calculate the greatest common divisor of 646 and 34.
34
What is the highest common divisor of 276 and 18124?
92
What is the greatest common divisor of 18 and 174?
6
Calculate the highest common divisor of 2 and 412.
2
Calculate the highest common factor of 3032 and 16.
8
What is the highest common divisor of 5589 and 23?
23
Calculate the highest common divisor of 3703 and 7.
7
Calculate the greatest common factor of 110 and 605.
55
What is the highest common factor of 265 and 20?
5
What is the highest common factor of 222 and 296?
74
What is the highest common factor of 414 and 126?
18
Calculate the greatest common factor of 56 and 3080.
56
Calculate the highest common factor of 292 and 11534.
146
Calculate the highest common factor of 411 and 274.
137
What is the greatest common divisor of 17 and 1462?
17
What is the highest common factor of 453 and 33?
3
What is the highest common factor of 8 and 676?
4
What is the greatest common factor of 1603 and 35?
7
Calculate the greatest common factor of 320 and 1620.
20
What is the highest common factor of 1176 and 108?
12
What is the highest common factor of 3 and 97?
1
What is the highest common factor of 3 and 8?
1
What is the highest common divisor of 819 and 91?
91
Calculate the greatest common factor of 2680 and 40.
40
Calculate the greatest common divisor of 284 and 12.
4
What is the highest common factor of 54 and 990?
18
What is the highest common factor of 40 and 184?
8
What is the highest common factor of 70 and 455?
35
Calculate the highest common factor of 50 and 6950.
50
Calculate the highest common factor of 1330 and 28.
14
Calculate the greatest common factor of 30 and 330.
30
What is the greatest common factor of 2158 and 498?
166
What is the highest common divisor of 300 and 1025?
25
What